e g(-7). Let l = c - 182. Suppose -l = -22*k + 19*k. What is the remainder when k is divided by 27?
25
Let h(y) = -5*y**2 - 382*y + 681. Calculate the remainder when h(-72) is divided by 36.
33
Let h = -5766 + 8163. Calculate the remainder when h is divided by 109.
108
Suppose 10*o - 7*o - 420 = 3*p, 5*p = -3*o + 444. Calculate the remainder when o is divided by 87.
56
Let a(f) = -3*f**2 + 92*f + 389. Suppose 4*d - 1160 = 4*z, -3*d + z = 2*d - 1454. Calculate the remainder when d is divided by a(34).
46
Suppose 0 = -5*j + 2*j - 9, 5*b - 46 = -3*j. Let o = 0 + b. Suppose o*k = 13*k - 58. What is the remainder when 143 is divided by k?
27
Suppose -854 + 255 = -13*j + 116. What is the remainder when 7314 is divided by j?
54
Suppose -56 + 96 = 8*k. Suppose 5*x = -2*g + 651, -102 = -k*g + 5*x + 1578. Calculate the remainder when g is divided by 28.
25
Let b(h) = 111*h**2 - 41*h + 90. What is the remainder when b(2) is divided by 57?
53
What is the remainder when 265 is divided by (690/322)/((-4)/(-84))?
40
Let k(g) = 94*g**3 + 3*g**2 - 7*g + 4. What is the remainder when k(2) is divided by (182/21 - 5)*18 - 3?
61
Let z(h) = 64*h**2 + 2*h - 13. Let j(w) = -129*w**2 - 3*w + 29. Let k(n) = 3*j(n) + 7*z(n). Calculate the remainder when k(3) is divided by 11.
10
Let n be (-13 + 12)/(4/(-12)). Suppose -7 = -s - 3*u - 0, -n*u = 6. What is the remainder when 82 is divided by s?
4
Let c(p) = 2*p + 25. Let o = -25 + 30. Let z be c(o). Let d = z + -29. Calculate the remainder when d is divided by 2.
0
Let b be (-2 + 2)*2/(-4). Suppose 2*u + 12 = 2*y - 2*u, -4 = -3*y - u. Suppose b = 3*r - y*r - 1. What is the remainder when 4 is divided by r?
0
Let q(l) = -2 - 2 + 12*l + 40*l - 42*l. Suppose 2*z = 39 - 13. What is the remainder when q(4) is divided by z?
10
Let p(h) = 4*h - 24. Let t be p(6). Suppose 0*z - 91 = -5*z - 3*s, t = z + 2*s - 21. Suppose -5*u = -4*u - z. What is the remainder when u is divided by 5?
2
Let z be -3*(6/18 + 5). Calculate the remainder when (-36)/(-96) - 1210/z is divided by 22.
10
Suppose 3 = 6*l - 129. Suppose -96 = -5*d + 4*j - l, d + 5*j = 38. Calculate the remainder when d is divided by 6.
0
Suppose -d - 921 = -4*u, -369*u = -367*u + 3*d - 429. Calculate the remainder when 266 is divided by u.
38
Let t(b) = 4*b + 17. Let i be t(-3). Let o(r) = 11*r - 34. Let m be o(i). Let k = 23 - m. What is the remainder when 5 is divided by k?
1
Suppose 5*i + 4*y = 190, 4*y + 0*y = 0. Suppose -59*g + 23*g = 23*g - 6608. What is the remainder when g is divided by i?
36
Suppose 26*w + 184*w = -17*w + 127347. Calculate the remainder when w is divided by 78.
15
Suppose 115 = 5*v - t, -5*v + 126 - 16 = -2*t. Suppose -3*l = -3*g - 282, g = -5*l + 109 + 361. What is the remainder when l is divided by v?
22
Let h(d) = 38*d**2 - 2. Suppose -50*s + 106 + 844 = 0. What is the remainder when h(1) is divided by s?
17
Suppose 0 = 3*d - d - 186. Let q = d + -51. Suppose -7*s + q = 7*s. Calculate the remainder when 12 is divided by s.
0
Let x = -9375 + 10636. Calculate the remainder when x is divided by 212.
201
Let u = 2985 - 2468. What is the remainder when u is divided by 105?
97
What is the remainder when 13619/8 - (-114)/266*14/(-16) is divided by 30?
22
Suppose 84 = 44*x - 41*x. Let m(d) = d**3 + 7*d**2 + d + 15. Let k be m(-8). Let l = 138 + k. Calculate the remainder when l is divided by x.
25
Let b = 79 + -271. Let o = 204 + b. What is the remainder when 142 is divided by o?
10
Suppose -a = 2*a - 69. Suppose -24*u + 57 = -5*u. Suppose 40 = 4*t + 3*m - m, 44 = u*t - 2*m. Calculate the remainder when a is divided by t.
11
Let a be (2/3 - 0)*396/(-24). Calculate the remainder when 0/a - (-69 - 0) is divided by 36.
33
Let f = -163 - -277. Suppose -a + f = -9. Calculate the remainder when a is divided by 14.
11
Suppose 3*o = 4*h + 39, -43*h + 46*h = 0. Calculate the remainder when 2*((-171)/6)/(-3) is divided by o.
6
Let w = -3991 + 7654. What is the remainder when w is divided by 13?
10
Let y = 1240 - 1081. Let v be (-24)/(-10) - (-2)/(-5). Suppose 0 = -v*d + 7 + y. What is the remainder when d is divided by 21?
20
Suppose 0 = -4*n + n + 2091. Suppose 5 + 5 = -5*g, 3*r - 50 = 18*g - 14*g. Calculate the remainder when n is divided by r.
11
Let o(t) = -6*t**3 - 13*t**2 + 14*t + 22. Calculate the remainder when 94 is divided by o(-3).
19
Let f be 3*4/((-96)/(-10216)). Suppose -4*i = -5*u - f, 12*i - 3*u + 924 = 15*i. Calculate the remainder when i is divided by 15.
13
Let s(u) be the first derivative of -6*u**2 - 7*u + 3. Let h(w) = -w**2 + w. Let c be h(-2). Calculate the remainder when s(c) is divided by 33.
32
Suppose -3*w + 4*w - 564 + 536 = 0. Calculate the remainder when 1958 is divided by w.
26
Let v = -857 + 1339. Let r = 660 - v. Calculate the remainder when r is divided by 38.
26
Suppose -38*p + 308784 = 107384. What is the remainder when p is divided by 1765?
5
Let h = -149 - -153. Suppose 5*n + 2*d - 911 = 23, -4*d - 764 = -h*n. Calculate the remainder when n is divided by 38.
36
Suppose 8*b = -17 + 17. Suppose -7*x + 118 + 15 = b. Calculate the remainder when 33 is divided by x.
14
Suppose -28 = 4*l - 0. Let y = l + 8. Calculate the remainder when 65 is divided by (4 + 13)*(y - 0/(-2)).
14
Let c = 611 - 549. Suppose 2*x - 12 = 30. Calculate the remainder when c is divided by x.
20
Suppose -3*c - 124 = -5*c + 5*x, -2*x + 124 = 2*c. Suppose 0 = 30*f + 4*f - 748. What is the remainder when c is divided by f?
18
Suppose 0 = -86*b - 23 + 281. Suppose 4*i - 3*a = -5 + 27, 0 = -4*a + 8. Suppose b*n + 456 = i*n. What is the remainder when n is divided by 23?
22
Let l = 24775 + -24748. Calculate the remainder when 29 is divided by l.
2
Let q(a) = 507*a - 3561. What is the remainder when q(11) is divided by 31?
1
Let p = -3358 - -3371. What is the remainder when 59 is divided by p?
7
Let y = 10745 - 7782. What is the remainder when y is divided by 7?
2
Let w be (20/(-3))/(4/(-6)). Suppose -4*n + 162 = -w. Let x = -199 + 221. What is the remainder when n is divided by x?
21
Let q = 13100 - 7043. Calculate the remainder when q is divided by 101.
98
Suppose 31*i + 24 = 34*i. Suppose 3*o + 16 = 5*w, 12 = -o + 2*w + w. Let g = 6 - o. Calculate the remainder when i is divided by g.
2
Suppose 227*n - 2911 - 4516 = 9825. What is the remainder when 309 is divided by n?
5
Let j = 15261 - 14566. What is the remainder when 697 is divided by j?
2
Let c(p) = -p**2 + 106. Let l be c(0). Suppose -4*g = 34 - l. Suppose 2*t - 197 = -2*n - n, 5*n - 2*t - 355 = 0. Calculate the remainder when n is divided by g.
15
Let y(d) = -1. Let c(a) = -2*a + 3. Let b(h) = -c(h) - 4*y(h). Calculate the remainder when 29/((-6)/(-2 + -4)) is divided by b(5).
7
Suppose w + 26 = 4*g, 10*g - 15 = 5*w + 13*g. What is the remainder when (w - -51)/(4*(-6)/(-16)) is divided by 11?
8
Let f(i) = -3*i**3 + 3*i**2 + 3*i. Let p be f(-2). Let s = 30 - p. Suppose s = -3*j + 10 + 20. What is the remainder when 38 is divided by j?
8
Let n(c) = -8*c - 50. Let o be n(-7). Suppose -o*j + 314 = 116. Calculate the remainder when 162 is divided by j.
30
Calculate the remainder when 83956/2224 - -3*2/(-8) is divided by 13.
11
What is the remainder when ((-13)/2 - 0)*-16 is divided by (24/(-8)*6/3)/((-33)/198)?
32
Let s(g) = 2*g**2 + g**2 - 2 - 1 + 9*g. Suppose 57*k = k + 10*k - 230. What is the remainder when s(k) is divided by 14?
13
Let v(g) = 41*g**2 + 422*g + 3469. What is the remainder when v(-8) is divided by 18?
17
Suppose 17*q + 70 = 189. Let n = 6 - 14. Let o = n + 18. What is the remainder when o is divided by q?
3
Suppose -13*w + 16*w - 33 = 0. Let n(s) = -s**3 + 13*s**2 - 13*s - 30. What is the remainder when n(w) is divided by 16 + 1/(3/6)?
15
Let x(j) = -j + 34. Let w = -16 + 15. Let u be (-4)/w*(140/(-16) + 5). Calculate the remainder when 145 is divided by x(u).
47
Suppose 30*o - 2201 = 2419. Calculate the remainder when o is divided by 28.
14
Suppose -6*y = -2*y + 2*u + 48, -y - 22 = 3*u. What is the remainder when 191 is divided by ((-8)/y)/(2/30)?
11
Suppose -38*o - 31*o - 207 = 0. Calculate the remainder when (o - -5)/(5/930) is divided by 76.
68
Let k = -81 + 45. Suppose 2*j + 54 + 42 = 0. Let u = k - j. What is the remainder when u is divided by 5?
2
Let j(p) = 36*p**2 + 3*p + 2. Let d